{"id":107,"date":"2022-10-15T08:54:05","date_gmt":"2022-10-15T06:54:05","guid":{"rendered":"http:\/\/localhost\/JUSTREAD\/?page_id=107"},"modified":"2022-11-04T14:49:33","modified_gmt":"2022-11-04T13:49:33","slug":"exposer","status":"publish","type":"page","link":"https:\/\/www.galerie-art-net.com\/index.php\/exposer\/","title":{"rendered":"Exposer"},"content":{"rendered":"\n<p>La galerie n&rsquo;est pas un site de vente en ligne direct. Elle met en relation acheteur et vendeur. La transaction se fait donc directement entre l&rsquo;artiste et l&rsquo;acqu\u00e9reur.   <\/p>\n\n\n\n<p>L&rsquo;inscription sur la galerie, pour les peintres comme pour les photographes est de : <\/p>\n\n\n\n<ul class=\"wp-block-list\">\n<li>49 euros pour 1 an<\/li>\n\n\n\n<li>79 euros pour 2 ans<\/li>\n<\/ul>\n\n\n\n<p>La galerie ne prend pas de commission sur les ventes.<\/p>\n\n\n\n<p>Pour les photographes, nous pouvons prendre en charge l&rsquo;impression des photos et l&rsquo;envoi \u00e0 l&rsquo;acqu\u00e9reur. \u00c0 voir avec le photographe.<\/p>\n","protected":false},"excerpt":{"rendered":"<p>La galerie n&rsquo;est pas un site de vente en ligne direct. Elle met en relation acheteur et vendeur. La transaction&hellip;<\/p>\n","protected":false},"author":1,"featured_media":0,"parent":0,"menu_order":0,"comment_status":"closed","ping_status":"closed","template":"","meta":{"footnotes":""},"class_list":["post-107","page","type-page","status-publish","hentry"],"_links":{"self":[{"href":"https:\/\/www.galerie-art-net.com\/index.php\/wp-json\/wp\/v2\/pages\/107","targetHints":{"allow":["GET"]}}],"collection":[{"href":"https:\/\/www.galerie-art-net.com\/index.php\/wp-json\/wp\/v2\/pages"}],"about":[{"href":"https:\/\/www.galerie-art-net.com\/index.php\/wp-json\/wp\/v2\/types\/page"}],"author":[{"embeddable":true,"href":"https:\/\/www.galerie-art-net.com\/index.php\/wp-json\/wp\/v2\/users\/1"}],"replies":[{"embeddable":true,"href":"https:\/\/www.galerie-art-net.com\/index.php\/wp-json\/wp\/v2\/comments?post=107"}],"version-history":[{"count":10,"href":"https:\/\/www.galerie-art-net.com\/index.php\/wp-json\/wp\/v2\/pages\/107\/revisions"}],"predecessor-version":[{"id":643,"href":"https:\/\/www.galerie-art-net.com\/index.php\/wp-json\/wp\/v2\/pages\/107\/revisions\/643"}],"wp:attachment":[{"href":"https:\/\/www.galerie-art-net.com\/index.php\/wp-json\/wp\/v2\/media?parent=107"}],"curies":[{"name":"wp","href":"https:\/\/api.w.org\/{rel}","templated":true}]}}